{"id":2,"date":"2023-03-28T21:03:55","date_gmt":"2023-03-28T21:03:55","guid":{"rendered":"https:\/\/ekipkompresor.com\/?page_id=2"},"modified":"2023-12-10T20:40:00","modified_gmt":"2023-12-10T20:40:00","slug":"pistonlu-kompresorler","status":"publish","type":"page","link":"https:\/\/ekipkompresor.com\/?page_id=2","title":{"rendered":"Pistonlu Kompres\u00f6rler"},"content":{"rendered":"<div class=\"fusion-fullwidth fullwidth-box fusion-builder-row-1 fusion-flex-container has-pattern-background has-mask-background nonhundred-percent-fullwidth non-hundred-percent-height-scrolling\" style=\"--awb-border-radius-top-left:0px;--awb-border-radius-top-right:0px;--awb-border-radius-bottom-right:0px;--awb-border-radius-bottom-left:0px;\" ><div class=\"fusion-builder-row fusion-row fusion-flex-align-items-flex-start\" style=\"max-width:calc( 1200px + 80px );margin-left: calc(-80px \/ 2 );margin-right: calc(-80px \/ 2 );\"><div class=\"fusion-layout-column fusion_builder_column fusion-builder-column-0 fusion_builder_column_1_2 1_2 fusion-flex-column\" style=\"--awb-bg-size:cover;--awb-width-large:50%;--awb-margin-top-large:0px;--awb-spacing-right-large:40px;--awb-margin-bottom-large:20px;--awb-spacing-left-large:40px;--awb-width-medium:50%;--awb-order-medium:0;--awb-spacing-right-medium:40px;--awb-spacing-left-medium:40px;--awb-width-small:100%;--awb-order-small:0;--awb-spacing-right-small:40px;--awb-spacing-left-small:40px;\"><div class=\"fusion-column-wrapper fusion-column-has-shadow fusion-flex-justify-content-flex-start fusion-content-layout-column\"><div class=\"fusion-image-element \" style=\"--awb-caption-title-font-family:var(--h2_typography-font-family);--awb-caption-title-font-weight:var(--h2_typography-font-weight);--awb-caption-title-font-style:var(--h2_typography-font-style);--awb-caption-title-size:var(--h2_typography-font-size);--awb-caption-title-transform:var(--h2_typography-text-transform);--awb-caption-title-line-height:var(--h2_typography-line-height);--awb-caption-title-letter-spacing:var(--h2_typography-letter-spacing);\"><span class=\" fusion-imageframe imageframe-none imageframe-1 hover-type-none\" class=\"image-magnify\" class=\"image-scroll\"><img decoding=\"async\" width=\"1024\" height=\"682\" title=\"Pistonlu Kompreso\u0308r\" src=\"https:\/\/ekipkompresor.com\/wp-content\/uploads\/2023\/05\/Pistonlu-Kompresor.jpeg\" data-orig-src=\"https:\/\/ekipkompresor.com\/wp-content\/uploads\/2023\/05\/Pistonlu-Kompresor.jpeg\" alt class=\"lazyload img-responsive wp-image-1735\" srcset=\"data:image\/svg+xml,%3Csvg%20xmlns%3D%27http%3A%2F%2Fwww.w3.org%2F2000%2Fsvg%27%20width%3D%271024%27%20height%3D%27682%27%20viewBox%3D%270%200%201024%20682%27%3E%3Crect%20width%3D%271024%27%20height%3D%27682%27%20fill-opacity%3D%220%22%2F%3E%3C%2Fsvg%3E\" data-srcset=\"https:\/\/ekipkompresor.com\/wp-content\/uploads\/2023\/05\/Pistonlu-Kompresor-200x133.jpeg 200w, https:\/\/ekipkompresor.com\/wp-content\/uploads\/2023\/05\/Pistonlu-Kompresor-400x266.jpeg 400w, https:\/\/ekipkompresor.com\/wp-content\/uploads\/2023\/05\/Pistonlu-Kompresor-600x400.jpeg 600w, https:\/\/ekipkompresor.com\/wp-content\/uploads\/2023\/05\/Pistonlu-Kompresor-800x533.jpeg 800w, https:\/\/ekipkompresor.com\/wp-content\/uploads\/2023\/05\/Pistonlu-Kompresor.jpeg 1024w\" data-sizes=\"auto\" data-orig-sizes=\"(max-width: 640px) 100vw, 600px\" \/><\/span><\/div><\/div><\/div><div class=\"fusion-layout-column fusion_builder_column fusion-builder-column-1 fusion_builder_column_1_2 1_2 fusion-flex-column\" style=\"--awb-bg-size:cover;--awb-width-large:50%;--awb-margin-top-large:0px;--awb-spacing-right-large:40px;--awb-margin-bottom-large:20px;--awb-spacing-left-large:40px;--awb-width-medium:50%;--awb-order-medium:0;--awb-spacing-right-medium:40px;--awb-spacing-left-medium:40px;--awb-width-small:100%;--awb-order-small:0;--awb-spacing-right-small:40px;--awb-spacing-left-small:40px;\"><div class=\"fusion-column-wrapper fusion-column-has-shadow fusion-flex-justify-content-flex-start fusion-content-layout-column\"><div class=\"fusion-text fusion-text-1\"><p style=\"text-align: justify;\">BL Serisi, \u015firketin geli\u015fmi\u015f teknolojileri ve m\u00fchendislik uzmanl\u0131\u011f\u0131 ile tasarlanm\u0131\u015f son derece g\u00fcvenilir bir s\u0131k\u0131\u015ft\u0131rma \u00e7\u00f6z\u00fcm\u00fcd\u00fcr. BL Serisi, enerji verimlili\u011fi, dayan\u0131kl\u0131l\u0131k ve \u00fcst\u00fcn performans\u0131 bir araya getirerek end\u00fcstriyel s\u0131k\u0131\u015ft\u0131rma ihtiya\u00e7lar\u0131n\u0131z\u0131 kar\u015f\u0131lamak i\u00e7in ideal bir se\u00e7enektir. <span style=\"color: var(--awb-text-color); font-family: var(--awb-text-font-family); font-size: var(--awb-font-size); font-style: var(--awb-text-font-style); font-weight: var(--awb-text-font-weight); letter-spacing: var(--awb-letter-spacing); text-transform: var(--awb-text-transform); background-color: var(--awb-bg-color);\">BL Serisi kompres\u00f6rler, bir\u00e7ok farkl\u0131 sekt\u00f6rde geni\u015f bir kullan\u0131m alan\u0131 bulur. Hem k\u00fc\u00e7\u00fck \u00f6l\u00e7ekli at\u00f6lyelerde hem de b\u00fcy\u00fck end\u00fcstriyel tesislerde etkili bir \u015fekilde \u00e7al\u0131\u015fabilirler. Otomotiv, g\u0131da ve i\u00e7ecek, kimya, enerji ve daha bir\u00e7ok sekt\u00f6rde BL Serisi kompres\u00f6rlerin g\u00fcc\u00fcnden yararlanabilirsiniz.<\/span><\/p>\n<\/div><div class=\"fusion-separator fusion-full-width-sep\" style=\"align-self: center;margin-left: auto;margin-right: auto;width:100%;\"><div class=\"fusion-separator-border sep-double\" style=\"--awb-height:20px;--awb-amount:20px;border-color:var(--awb-color3);border-top-width:1px;border-bottom-width:1px;\"><\/div><\/div><\/div><\/div><\/div><\/div>\n","protected":false},"excerpt":{"rendered":"","protected":false},"author":1,"featured_media":0,"parent":1683,"menu_order":0,"comment_status":"closed","ping_status":"open","template":"","meta":{"footnotes":""},"class_list":["post-2","page","type-page","status-publish","hentry"],"_links":{"self":[{"href":"https:\/\/ekipkompresor.com\/index.php?rest_route=\/wp\/v2\/pages\/2","targetHints":{"allow":["GET"]}}],"collection":[{"href":"https:\/\/ekipkompresor.com\/index.php?rest_route=\/wp\/v2\/pages"}],"about":[{"href":"https:\/\/ekipkompresor.com\/index.php?rest_route=\/wp\/v2\/types\/page"}],"author":[{"embeddable":true,"href":"https:\/\/ekipkompresor.com\/index.php?rest_route=\/wp\/v2\/users\/1"}],"replies":[{"embeddable":true,"href":"https:\/\/ekipkompresor.com\/index.php?rest_route=%2Fwp%2Fv2%2Fcomments&post=2"}],"version-history":[{"count":8,"href":"https:\/\/ekipkompresor.com\/index.php?rest_route=\/wp\/v2\/pages\/2\/revisions"}],"predecessor-version":[{"id":1911,"href":"https:\/\/ekipkompresor.com\/index.php?rest_route=\/wp\/v2\/pages\/2\/revisions\/1911"}],"up":[{"embeddable":true,"href":"https:\/\/ekipkompresor.com\/index.php?rest_route=\/wp\/v2\/pages\/1683"}],"wp:attachment":[{"href":"https:\/\/ekipkompresor.com\/index.php?rest_route=%2Fwp%2Fv2%2Fmedia&parent=2"}],"curies":[{"name":"wp","href":"https:\/\/api.w.org\/{rel}","templated":true}]}}